{"id":5053,"date":"2021-06-27T18:12:55","date_gmt":"2021-06-27T17:12:55","guid":{"rendered":"https:\/\/www.animaleden.de\/?page_id=5053"},"modified":"2022-05-01T21:49:35","modified_gmt":"2022-05-01T20:49:35","slug":"izmir-de","status":"publish","type":"page","link":"https:\/\/www.animaleden.de\/?page_id=5053","title":{"rendered":"Izmir"},"content":{"rendered":"\t\t<div data-elementor-type=\"wp-page\" data-elementor-id=\"5053\" class=\"elementor elementor-5053\" data-elementor-post-type=\"page\">\n\t\t\t\t\t\t<section class=\"elementor-section elementor-top-section elementor-element elementor-element-9e1b7b0 elementor-section-boxed elementor-section-height-default elementor-section-height-default qodef-elementor-content-no qodef-content-alignment-no\" data-id=\"9e1b7b0\" data-element_type=\"section\" data-settings=\"{&quot;jet_parallax_layout_list&quot;:[{&quot;jet_parallax_layout_image&quot;:{&quot;url&quot;:&quot;&quot;,&quot;id&quot;:&quot;&quot;,&quot;size&quot;:&quot;&quot;},&quot;_id&quot;:&quot;9e28800&quot;,&quot;jet_parallax_layout_image_tablet&quot;:{&quot;url&quot;:&quot;&quot;,&quot;id&quot;:&quot;&quot;,&quot;size&quot;:&quot;&quot;},&quot;jet_parallax_layout_image_mobile&quot;:{&quot;url&quot;:&quot;&quot;,&quot;id&quot;:&quot;&quot;,&quot;size&quot;:&quot;&quot;},&quot;jet_parallax_layout_speed&quot;:{&quot;unit&quot;:&quot;%&quot;,&quot;size&quot;:50,&quot;sizes&quot;:[]},&quot;jet_parallax_layout_type&quot;:&quot;scroll&quot;,&quot;jet_parallax_layout_direction&quot;:null,&quot;jet_parallax_layout_fx_direction&quot;:null,&quot;jet_parallax_layout_z_index&quot;:&quot;&quot;,&quot;jet_parallax_layout_bg_x&quot;:50,&quot;jet_parallax_layout_bg_x_tablet&quot;:&quot;&quot;,&quot;jet_parallax_layout_bg_x_mobile&quot;:&quot;&quot;,&quot;jet_parallax_layout_bg_y&quot;:50,&quot;jet_parallax_layout_bg_y_tablet&quot;:&quot;&quot;,&quot;jet_parallax_layout_bg_y_mobile&quot;:&quot;&quot;,&quot;jet_parallax_layout_bg_size&quot;:&quot;auto&quot;,&quot;jet_parallax_layout_bg_size_tablet&quot;:&quot;&quot;,&quot;jet_parallax_layout_bg_size_mobile&quot;:&quot;&quot;,&quot;jet_parallax_layout_animation_prop&quot;:&quot;transform&quot;,&quot;jet_parallax_layout_on&quot;:[&quot;desktop&quot;,&quot;tablet&quot;]}]}\">\n\t\t\t\t\t\t<div class=\"elementor-container elementor-column-gap-default\">\n\t\t\t\t\t<div class=\"elementor-column elementor-col-66 elementor-top-column elementor-element elementor-element-fff9edf\" data-id=\"fff9edf\" data-element_type=\"column\">\n\t\t\t<div class=\"elementor-widget-wrap elementor-element-populated\">\n\t\t\t\t\t\t<div class=\"elementor-element elementor-element-dfd9e60 elementor-widget elementor-widget-image\" data-id=\"dfd9e60\" data-element_type=\"widget\" data-widget_type=\"image.default\">\n\t\t\t\t<div class=\"elementor-widget-container\">\n\t\t\t\t\t\t\t\t\t\t\t\t\t<img fetchpriority=\"high\" decoding=\"async\" width=\"768\" height=\"1024\" src=\"https:\/\/www.animaleden.de\/wp-content\/uploads\/2021\/07\/IMG_0377-Mittel-1.jpg\" class=\"attachment-medium_large size-medium_large wp-image-6263\" alt=\"Tierheim Izmir\" srcset=\"https:\/\/www.animaleden.de\/wp-content\/uploads\/2021\/07\/IMG_0377-Mittel-1.jpg 768w, https:\/\/www.animaleden.de\/wp-content\/uploads\/2021\/07\/IMG_0377-Mittel-1-225x300.jpg 225w\" sizes=\"(max-width: 768px) 100vw, 768px\" \/>\t\t\t\t\t\t\t\t\t\t\t\t\t<\/div>\n\t\t\t\t<\/div>\n\t\t\t\t<div class=\"elementor-element elementor-element-001f478 elementor-widget elementor-widget-image\" data-id=\"001f478\" data-element_type=\"widget\" data-widget_type=\"image.default\">\n\t\t\t\t<div class=\"elementor-widget-container\">\n\t\t\t\t\t\t\t\t\t\t\t\t\t<img decoding=\"async\" width=\"768\" height=\"1024\" src=\"https:\/\/www.animaleden.de\/wp-content\/uploads\/2021\/07\/IMG-20180807-WA0013-1.jpg\" class=\"attachment-medium_large size-medium_large wp-image-6259\" alt=\"Shelter Izmir, Hunde\" srcset=\"https:\/\/www.animaleden.de\/wp-content\/uploads\/2021\/07\/IMG-20180807-WA0013-1.jpg 768w, https:\/\/www.animaleden.de\/wp-content\/uploads\/2021\/07\/IMG-20180807-WA0013-1-225x300.jpg 225w\" sizes=\"(max-width: 768px) 100vw, 768px\" \/>\t\t\t\t\t\t\t\t\t\t\t\t\t<\/div>\n\t\t\t\t<\/div>\n\t\t\t\t<div class=\"elementor-element elementor-element-8bdd46c elementor-widget elementor-widget-image\" data-id=\"8bdd46c\" data-element_type=\"widget\" data-widget_type=\"image.default\">\n\t\t\t\t<div class=\"elementor-widget-container\">\n\t\t\t\t\t\t\t\t\t\t\t\t\t<img decoding=\"async\" width=\"614\" height=\"1024\" src=\"https:\/\/www.animaleden.de\/wp-content\/uploads\/2021\/07\/IMG-20180720-WA0007.jpg\" class=\"attachment-medium_large size-medium_large wp-image-6260\" alt=\"Hunde im Hochwasser, Shelter Izmir\" srcset=\"https:\/\/www.animaleden.de\/wp-content\/uploads\/2021\/07\/IMG-20180720-WA0007.jpg 614w, https:\/\/www.animaleden.de\/wp-content\/uploads\/2021\/07\/IMG-20180720-WA0007-180x300.jpg 180w\" sizes=\"(max-width: 614px) 100vw, 614px\" \/>\t\t\t\t\t\t\t\t\t\t\t\t\t<\/div>\n\t\t\t\t<\/div>\n\t\t\t\t<div class=\"elementor-element elementor-element-a830ac3 elementor-widget elementor-widget-image\" data-id=\"a830ac3\" data-element_type=\"widget\" data-widget_type=\"image.default\">\n\t\t\t\t<div class=\"elementor-widget-container\">\n\t\t\t\t\t\t\t\t\t\t\t\t\t<img loading=\"lazy\" decoding=\"async\" width=\"768\" height=\"1024\" src=\"https:\/\/www.animaleden.de\/wp-content\/uploads\/2021\/07\/IMG-20180801-WA0000-1.jpg\" class=\"attachment-medium_large size-medium_large wp-image-6261\" alt=\"Frau mit Hunden, Shelter Izmir\" srcset=\"https:\/\/www.animaleden.de\/wp-content\/uploads\/2021\/07\/IMG-20180801-WA0000-1.jpg 768w, https:\/\/www.animaleden.de\/wp-content\/uploads\/2021\/07\/IMG-20180801-WA0000-1-225x300.jpg 225w\" sizes=\"(max-width: 768px) 100vw, 768px\" \/>\t\t\t\t\t\t\t\t\t\t\t\t\t<\/div>\n\t\t\t\t<\/div>\n\t\t\t\t<div class=\"elementor-element elementor-element-a0b0e43 elementor-widget elementor-widget-image\" data-id=\"a0b0e43\" data-element_type=\"widget\" data-widget_type=\"image.default\">\n\t\t\t\t<div class=\"elementor-widget-container\">\n\t\t\t\t\t\t\t\t\t\t\t\t\t<img loading=\"lazy\" decoding=\"async\" width=\"768\" height=\"1024\" src=\"https:\/\/www.animaleden.de\/wp-content\/uploads\/2021\/07\/IMG_0351-Mittel-1.jpg\" class=\"attachment-medium_large size-medium_large wp-image-6262\" alt=\"Frau mit Hund\" srcset=\"https:\/\/www.animaleden.de\/wp-content\/uploads\/2021\/07\/IMG_0351-Mittel-1.jpg 768w, https:\/\/www.animaleden.de\/wp-content\/uploads\/2021\/07\/IMG_0351-Mittel-1-225x300.jpg 225w\" sizes=\"(max-width: 768px) 100vw, 768px\" \/>\t\t\t\t\t\t\t\t\t\t\t\t\t<\/div>\n\t\t\t\t<\/div>\n\t\t\t\t<div class=\"elementor-element elementor-element-278cc49 elementor-widget elementor-widget-image\" data-id=\"278cc49\" data-element_type=\"widget\" data-widget_type=\"image.default\">\n\t\t\t\t<div class=\"elementor-widget-container\">\n\t\t\t\t\t\t\t\t\t\t\t\t\t<img loading=\"lazy\" decoding=\"async\" width=\"768\" height=\"1024\" src=\"https:\/\/www.animaleden.de\/wp-content\/uploads\/2021\/07\/IMG_0159-Mittel-e1543004794642-1.jpg\" class=\"attachment-medium_large size-medium_large wp-image-6266\" alt=\"H\u00fcndin auf Decke\" srcset=\"https:\/\/www.animaleden.de\/wp-content\/uploads\/2021\/07\/IMG_0159-Mittel-e1543004794642-1.jpg 768w, https:\/\/www.animaleden.de\/wp-content\/uploads\/2021\/07\/IMG_0159-Mittel-e1543004794642-1-225x300.jpg 225w\" sizes=\"(max-width: 768px) 100vw, 768px\" \/>\t\t\t\t\t\t\t\t\t\t\t\t\t<\/div>\n\t\t\t\t<\/div>\n\t\t\t\t<div class=\"elementor-element elementor-element-64e5b90 elementor-widget elementor-widget-image\" data-id=\"64e5b90\" data-element_type=\"widget\" data-widget_type=\"image.default\">\n\t\t\t\t<div class=\"elementor-widget-container\">\n\t\t\t\t\t\t\t\t\t\t\t\t\t<img loading=\"lazy\" decoding=\"async\" width=\"768\" height=\"1024\" src=\"https:\/\/www.animaleden.de\/wp-content\/uploads\/2021\/07\/IMG_0111-Mittel-e1543004650899-1.jpg\" class=\"attachment-medium_large size-medium_large wp-image-6268\" alt=\"Frau bei Material Vorbereitung f\u00fcr Kastration\" srcset=\"https:\/\/www.animaleden.de\/wp-content\/uploads\/2021\/07\/IMG_0111-Mittel-e1543004650899-1.jpg 768w, https:\/\/www.animaleden.de\/wp-content\/uploads\/2021\/07\/IMG_0111-Mittel-e1543004650899-1-225x300.jpg 225w\" sizes=\"(max-width: 768px) 100vw, 768px\" \/>\t\t\t\t\t\t\t\t\t\t\t\t\t<\/div>\n\t\t\t\t<\/div>\n\t\t\t\t<div class=\"elementor-element elementor-element-b5857ab elementor-widget elementor-widget-image\" data-id=\"b5857ab\" data-element_type=\"widget\" data-widget_type=\"image.default\">\n\t\t\t\t<div class=\"elementor-widget-container\">\n\t\t\t\t\t\t\t\t\t\t\t\t\t<img loading=\"lazy\" decoding=\"async\" width=\"768\" height=\"561\" src=\"https:\/\/www.animaleden.de\/wp-content\/uploads\/2021\/07\/FullSizeRender-2-1-768x561.jpg\" class=\"attachment-medium_large size-medium_large wp-image-6271\" alt=\"Raum vorbereitet f\u00fcr OP&#039;s\" srcset=\"https:\/\/www.animaleden.de\/wp-content\/uploads\/2021\/07\/FullSizeRender-2-1-768x561.jpg 768w, https:\/\/www.animaleden.de\/wp-content\/uploads\/2021\/07\/FullSizeRender-2-1-300x219.jpg 300w, https:\/\/www.animaleden.de\/wp-content\/uploads\/2021\/07\/FullSizeRender-2-1.jpg 857w\" sizes=\"(max-width: 768px) 100vw, 768px\" \/>\t\t\t\t\t\t\t\t\t\t\t\t\t<\/div>\n\t\t\t\t<\/div>\n\t\t\t\t<div class=\"elementor-element elementor-element-3c9cd71 elementor-widget elementor-widget-image\" data-id=\"3c9cd71\" data-element_type=\"widget\" data-widget_type=\"image.default\">\n\t\t\t\t<div class=\"elementor-widget-container\">\n\t\t\t\t\t\t\t\t\t\t\t\t\t<img loading=\"lazy\" decoding=\"async\" width=\"768\" height=\"1036\" src=\"https:\/\/www.animaleden.de\/wp-content\/uploads\/2021\/07\/4-Mittel.jpg\" class=\"attachment-medium_large size-medium_large wp-image-6162\" alt=\"OP Team macht Ultraschall bei H\u00fcndin\" srcset=\"https:\/\/www.animaleden.de\/wp-content\/uploads\/2021\/07\/4-Mittel.jpg 768w, https:\/\/www.animaleden.de\/wp-content\/uploads\/2021\/07\/4-Mittel-222x300.jpg 222w, https:\/\/www.animaleden.de\/wp-content\/uploads\/2021\/07\/4-Mittel-759x1024.jpg 759w\" sizes=\"(max-width: 768px) 100vw, 768px\" \/>\t\t\t\t\t\t\t\t\t\t\t\t\t<\/div>\n\t\t\t\t<\/div>\n\t\t\t\t<div class=\"elementor-element elementor-element-df00cce elementor-widget elementor-widget-image\" data-id=\"df00cce\" data-element_type=\"widget\" data-widget_type=\"image.default\">\n\t\t\t\t<div class=\"elementor-widget-container\">\n\t\t\t\t\t\t\t\t\t\t\t\t\t<img loading=\"lazy\" decoding=\"async\" width=\"768\" height=\"1025\" src=\"https:\/\/www.animaleden.de\/wp-content\/uploads\/2021\/07\/2-Mittel-1.jpg\" class=\"attachment-medium_large size-medium_large wp-image-6273\" alt=\"H\u00fcndin nach Narkose\" srcset=\"https:\/\/www.animaleden.de\/wp-content\/uploads\/2021\/07\/2-Mittel-1.jpg 768w, https:\/\/www.animaleden.de\/wp-content\/uploads\/2021\/07\/2-Mittel-1-225x300.jpg 225w\" sizes=\"(max-width: 768px) 100vw, 768px\" \/>\t\t\t\t\t\t\t\t\t\t\t\t\t<\/div>\n\t\t\t\t<\/div>\n\t\t\t\t<div class=\"elementor-element elementor-element-68d8afc elementor-widget elementor-widget-image\" data-id=\"68d8afc\" data-element_type=\"widget\" data-widget_type=\"image.default\">\n\t\t\t\t<div class=\"elementor-widget-container\">\n\t\t\t\t\t\t\t\t\t\t\t\t\t<img loading=\"lazy\" decoding=\"async\" width=\"768\" height=\"579\" src=\"https:\/\/www.animaleden.de\/wp-content\/uploads\/2021\/07\/6-Mittel-1-768x579.jpg\" class=\"attachment-medium_large size-medium_large wp-image-6270\" alt=\"OP Team betreut Hunde nach der Narkose\" srcset=\"https:\/\/www.animaleden.de\/wp-content\/uploads\/2021\/07\/6-Mittel-1-768x579.jpg 768w, https:\/\/www.animaleden.de\/wp-content\/uploads\/2021\/07\/6-Mittel-1-300x226.jpg 300w, https:\/\/www.animaleden.de\/wp-content\/uploads\/2021\/07\/6-Mittel-1.jpg 1018w\" sizes=\"(max-width: 768px) 100vw, 768px\" \/>\t\t\t\t\t\t\t\t\t\t\t\t\t<\/div>\n\t\t\t\t<\/div>\n\t\t\t\t<div class=\"elementor-element elementor-element-ea8ad6b elementor-widget elementor-widget-image\" data-id=\"ea8ad6b\" data-element_type=\"widget\" data-widget_type=\"image.default\">\n\t\t\t\t<div class=\"elementor-widget-container\">\n\t\t\t\t\t\t\t\t\t\t\t\t\t<img loading=\"lazy\" decoding=\"async\" width=\"768\" height=\"1024\" src=\"https:\/\/www.animaleden.de\/wp-content\/uploads\/2021\/07\/IMG_0157-Mittel-e1543004745136-1.jpg\" class=\"attachment-medium_large size-medium_large wp-image-6269\" alt=\"Frau betreut H\u00fcndin nach Kastration\" srcset=\"https:\/\/www.animaleden.de\/wp-content\/uploads\/2021\/07\/IMG_0157-Mittel-e1543004745136-1.jpg 768w, https:\/\/www.animaleden.de\/wp-content\/uploads\/2021\/07\/IMG_0157-Mittel-e1543004745136-1-225x300.jpg 225w\" sizes=\"(max-width: 768px) 100vw, 768px\" \/>\t\t\t\t\t\t\t\t\t\t\t\t\t<\/div>\n\t\t\t\t<\/div>\n\t\t\t\t\t<\/div>\n\t\t<\/div>\n\t\t\t\t<div class=\"elementor-column elementor-col-33 elementor-top-column elementor-element elementor-element-7752d02\" data-id=\"7752d02\" data-element_type=\"column\">\n\t\t\t<div class=\"elementor-widget-wrap elementor-element-populated\">\n\t\t\t\t\t\t<div class=\"elementor-element elementor-element-b8417aa elementor-widget elementor-widget-heading\" data-id=\"b8417aa\" data-element_type=\"widget\" data-widget_type=\"heading.default\">\n\t\t\t\t<div class=\"elementor-widget-container\">\n\t\t\t<h3 class=\"elementor-heading-title elementor-size-default\">Weiterer Ausbau Des Privaten Tierheims In Izmir<\/h3>\t\t<\/div>\n\t\t\t\t<\/div>\n\t\t\t\t<div class=\"elementor-element elementor-element-33da594d elementor-widget elementor-widget-text-editor\" data-id=\"33da594d\" data-element_type=\"widget\" data-widget_type=\"text-editor.default\">\n\t\t\t\t<div class=\"elementor-widget-container\">\n\t\t\t\t\t\t\t<p>Seit 2018 bauen wir zusammen mit \u00f6rtlichen Tiersch\u00fctzern ein privates Tierheim weiter aus. Bisher konnten wir die Unterbringung von 120 auf 300 Tiere unterst\u00fctzen, wir haben eine Solar- Stromanlage finanziert und den Ausbau etlicher R\u00e4ume zusammen mit wetterfesten Hundeh\u00fctten f\u00fcr die mitunter sehr kalten t\u00fcrkischen Winter.<\/p><p>Auch in Zeiten von Corona haben wir in enger Zusammenarbeit mit Tier\u00e4rzten vor Ort weiter Kastrationsaktionen durchf\u00fchren k\u00f6nnen und 2020 \u00fcber 80 Tiere kastriert.<br \/>Wir unterst\u00fctzen unsere Tiere vor Ort laufend mit Futterspenden.<\/p>\t\t\t\t\t\t<\/div>\n\t\t\t\t<\/div>\n\t\t\t\t\t<\/div>\n\t\t<\/div>\n\t\t\t\t\t<\/div>\n\t\t<\/section>\n\t\t\t\t<\/div>\n\t\t","protected":false},"excerpt":{"rendered":"<p>Weiterer Ausbau Des Privaten Tierheims In Izmir Seit 2018 bauen wir zusammen mit \u00f6rtlichen Tiersch\u00fctzern ein privates Tierheim weiter aus. Bisher konnten wir die Unterbringung von 120 auf 300 Tiere unterst\u00fctzen, wir haben eine Solar- Stromanlage finanziert und den Ausbau etlicher R\u00e4ume zusammen mit wetterfesten Hundeh\u00fctten f\u00fcr die mitunter sehr kalten t\u00fcrkischen Winter. Auch in [&hellip;]<\/p>\n","protected":false},"author":1,"featured_media":9118,"parent":0,"menu_order":0,"comment_status":"closed","ping_status":"closed","template":"","meta":{"give_campaign_id":0,"footnotes":""},"class_list":["post-5053","page","type-page","status-publish","has-post-thumbnail","hentry"],"campaignId":"","_links":{"self":[{"href":"https:\/\/www.animaleden.de\/index.php?rest_route=\/wp\/v2\/pages\/5053"}],"collection":[{"href":"https:\/\/www.animaleden.de\/index.php?rest_route=\/wp\/v2\/pages"}],"about":[{"href":"https:\/\/www.animaleden.de\/index.php?rest_route=\/wp\/v2\/types\/page"}],"author":[{"embeddable":true,"href":"https:\/\/www.animaleden.de\/index.php?rest_route=\/wp\/v2\/users\/1"}],"replies":[{"embeddable":true,"href":"https:\/\/www.animaleden.de\/index.php?rest_route=%2Fwp%2Fv2%2Fcomments&post=5053"}],"version-history":[{"count":36,"href":"https:\/\/www.animaleden.de\/index.php?rest_route=\/wp\/v2\/pages\/5053\/revisions"}],"predecessor-version":[{"id":9120,"href":"https:\/\/www.animaleden.de\/index.php?rest_route=\/wp\/v2\/pages\/5053\/revisions\/9120"}],"wp:featuredmedia":[{"embeddable":true,"href":"https:\/\/www.animaleden.de\/index.php?rest_route=\/wp\/v2\/media\/9118"}],"wp:attachment":[{"href":"https:\/\/www.animaleden.de\/index.php?rest_route=%2Fwp%2Fv2%2Fmedia&parent=5053"}],"curies":[{"name":"wp","href":"https:\/\/api.w.org\/{rel}","templated":true}]}}