{"id":4990,"date":"2021-06-27T17:42:43","date_gmt":"2021-06-27T16:42:43","guid":{"rendered":"https:\/\/www.animaleden.de\/?page_id=4990"},"modified":"2022-04-18T11:33:20","modified_gmt":"2022-04-18T10:33:20","slug":"rumanien","status":"publish","type":"page","link":"https:\/\/www.animaleden.de\/?page_id=4990","title":{"rendered":"Rum\u00e4nien"},"content":{"rendered":"\t\t<div data-elementor-type=\"wp-page\" data-elementor-id=\"4990\" class=\"elementor elementor-4990\" data-elementor-post-type=\"page\">\n\t\t\t\t\t\t<section class=\"elementor-section elementor-top-section elementor-element elementor-element-4e24427e elementor-section-boxed elementor-section-height-default elementor-section-height-default qodef-elementor-content-no qodef-content-alignment-no\" data-id=\"4e24427e\" data-element_type=\"section\" data-settings=\"{&quot;jet_parallax_layout_list&quot;:[{&quot;jet_parallax_layout_image&quot;:{&quot;url&quot;:&quot;&quot;,&quot;id&quot;:&quot;&quot;,&quot;size&quot;:&quot;&quot;},&quot;_id&quot;:&quot;43f0f13&quot;,&quot;jet_parallax_layout_image_tablet&quot;:{&quot;url&quot;:&quot;&quot;,&quot;id&quot;:&quot;&quot;,&quot;size&quot;:&quot;&quot;},&quot;jet_parallax_layout_image_mobile&quot;:{&quot;url&quot;:&quot;&quot;,&quot;id&quot;:&quot;&quot;,&quot;size&quot;:&quot;&quot;},&quot;jet_parallax_layout_speed&quot;:{&quot;unit&quot;:&quot;%&quot;,&quot;size&quot;:50,&quot;sizes&quot;:[]},&quot;jet_parallax_layout_type&quot;:&quot;scroll&quot;,&quot;jet_parallax_layout_direction&quot;:null,&quot;jet_parallax_layout_fx_direction&quot;:null,&quot;jet_parallax_layout_z_index&quot;:&quot;&quot;,&quot;jet_parallax_layout_bg_x&quot;:50,&quot;jet_parallax_layout_bg_x_tablet&quot;:&quot;&quot;,&quot;jet_parallax_layout_bg_x_mobile&quot;:&quot;&quot;,&quot;jet_parallax_layout_bg_y&quot;:50,&quot;jet_parallax_layout_bg_y_tablet&quot;:&quot;&quot;,&quot;jet_parallax_layout_bg_y_mobile&quot;:&quot;&quot;,&quot;jet_parallax_layout_bg_size&quot;:&quot;auto&quot;,&quot;jet_parallax_layout_bg_size_tablet&quot;:&quot;&quot;,&quot;jet_parallax_layout_bg_size_mobile&quot;:&quot;&quot;,&quot;jet_parallax_layout_animation_prop&quot;:&quot;transform&quot;,&quot;jet_parallax_layout_on&quot;:[&quot;desktop&quot;,&quot;tablet&quot;]}]}\">\n\t\t\t\t\t\t<div class=\"elementor-container elementor-column-gap-default\">\n\t\t\t\t\t<div class=\"elementor-column elementor-col-100 elementor-top-column elementor-element elementor-element-57af3e54\" data-id=\"57af3e54\" data-element_type=\"column\">\n\t\t\t<div class=\"elementor-widget-wrap elementor-element-populated\">\n\t\t\t\t\t\t<div class=\"elementor-element elementor-element-6fcb5470 elementor-widget elementor-widget-spacer\" data-id=\"6fcb5470\" data-element_type=\"widget\" data-widget_type=\"spacer.default\">\n\t\t\t\t<div class=\"elementor-widget-container\">\n\t\t\t\t\t<div class=\"elementor-spacer\">\n\t\t\t<div class=\"elementor-spacer-inner\"><\/div>\n\t\t<\/div>\n\t\t\t\t<\/div>\n\t\t\t\t<\/div>\n\t\t\t\t\t<\/div>\n\t\t<\/div>\n\t\t\t\t\t<\/div>\n\t\t<\/section>\n\t\t\t\t<section class=\"elementor-section elementor-top-section elementor-element elementor-element-e17bf20 elementor-section-boxed elementor-section-height-default elementor-section-height-default qodef-elementor-content-no qodef-content-alignment-no\" data-id=\"e17bf20\" data-element_type=\"section\" data-settings=\"{&quot;jet_parallax_layout_list&quot;:[{&quot;jet_parallax_layout_image&quot;:{&quot;url&quot;:&quot;&quot;,&quot;id&quot;:&quot;&quot;,&quot;size&quot;:&quot;&quot;},&quot;_id&quot;:&quot;2a10bc8&quot;,&quot;jet_parallax_layout_image_tablet&quot;:{&quot;url&quot;:&quot;&quot;,&quot;id&quot;:&quot;&quot;,&quot;size&quot;:&quot;&quot;},&quot;jet_parallax_layout_image_mobile&quot;:{&quot;url&quot;:&quot;&quot;,&quot;id&quot;:&quot;&quot;,&quot;size&quot;:&quot;&quot;},&quot;jet_parallax_layout_speed&quot;:{&quot;unit&quot;:&quot;%&quot;,&quot;size&quot;:50,&quot;sizes&quot;:[]},&quot;jet_parallax_layout_type&quot;:&quot;scroll&quot;,&quot;jet_parallax_layout_direction&quot;:null,&quot;jet_parallax_layout_fx_direction&quot;:null,&quot;jet_parallax_layout_z_index&quot;:&quot;&quot;,&quot;jet_parallax_layout_bg_x&quot;:50,&quot;jet_parallax_layout_bg_x_tablet&quot;:&quot;&quot;,&quot;jet_parallax_layout_bg_x_mobile&quot;:&quot;&quot;,&quot;jet_parallax_layout_bg_y&quot;:50,&quot;jet_parallax_layout_bg_y_tablet&quot;:&quot;&quot;,&quot;jet_parallax_layout_bg_y_mobile&quot;:&quot;&quot;,&quot;jet_parallax_layout_bg_size&quot;:&quot;auto&quot;,&quot;jet_parallax_layout_bg_size_tablet&quot;:&quot;&quot;,&quot;jet_parallax_layout_bg_size_mobile&quot;:&quot;&quot;,&quot;jet_parallax_layout_animation_prop&quot;:&quot;transform&quot;,&quot;jet_parallax_layout_on&quot;:[&quot;desktop&quot;,&quot;tablet&quot;]}]}\">\n\t\t\t\t\t\t<div class=\"elementor-container elementor-column-gap-default\">\n\t\t\t\t\t<div class=\"elementor-column elementor-col-66 elementor-top-column elementor-element elementor-element-c3de0a1\" data-id=\"c3de0a1\" data-element_type=\"column\">\n\t\t\t<div class=\"elementor-widget-wrap elementor-element-populated\">\n\t\t\t\t\t\t<div class=\"elementor-element elementor-element-9797257 elementor-widget elementor-widget-image\" data-id=\"9797257\" data-element_type=\"widget\" data-widget_type=\"image.default\">\n\t\t\t\t<div class=\"elementor-widget-container\">\n\t\t\t\t\t\t\t\t\t\t\t\t\t<img fetchpriority=\"high\" decoding=\"async\" width=\"1024\" height=\"768\" src=\"https:\/\/www.animaleden.de\/wp-content\/uploads\/2021\/07\/Danke-Margot-1-1024x768.jpg\" class=\"attachment-large size-large wp-image-6330\" alt=\"H\u00fcndin bedankt sich bei Margot\" srcset=\"https:\/\/www.animaleden.de\/wp-content\/uploads\/2021\/07\/Danke-Margot-1-1024x768.jpg 1024w, https:\/\/www.animaleden.de\/wp-content\/uploads\/2021\/07\/Danke-Margot-1-300x225.jpg 300w, https:\/\/www.animaleden.de\/wp-content\/uploads\/2021\/07\/Danke-Margot-1-768x576.jpg 768w, https:\/\/www.animaleden.de\/wp-content\/uploads\/2021\/07\/Danke-Margot-1.jpg 1389w\" sizes=\"(max-width: 1024px) 100vw, 1024px\" \/>\t\t\t\t\t\t\t\t\t\t\t\t\t<\/div>\n\t\t\t\t<\/div>\n\t\t\t\t<div class=\"elementor-element elementor-element-5a745cb elementor-widget elementor-widget-image\" data-id=\"5a745cb\" data-element_type=\"widget\" data-widget_type=\"image.default\">\n\t\t\t\t<div class=\"elementor-widget-container\">\n\t\t\t\t\t\t\t\t\t\t\t\t\t<img decoding=\"async\" width=\"640\" height=\"427\" src=\"https:\/\/www.animaleden.de\/wp-content\/uploads\/2021\/07\/DSC_1225-1.jpg\" class=\"attachment-large size-large wp-image-6329\" alt=\"Arztteam Rum\u00e4nien\" srcset=\"https:\/\/www.animaleden.de\/wp-content\/uploads\/2021\/07\/DSC_1225-1.jpg 640w, https:\/\/www.animaleden.de\/wp-content\/uploads\/2021\/07\/DSC_1225-1-300x200.jpg 300w\" sizes=\"(max-width: 640px) 100vw, 640px\" \/>\t\t\t\t\t\t\t\t\t\t\t\t\t<\/div>\n\t\t\t\t<\/div>\n\t\t\t\t<div class=\"elementor-element elementor-element-6d603d4 elementor-widget elementor-widget-image\" data-id=\"6d603d4\" data-element_type=\"widget\" data-widget_type=\"image.default\">\n\t\t\t\t<div class=\"elementor-widget-container\">\n\t\t\t\t\t\t\t\t\t\t\t\t\t<img decoding=\"async\" width=\"640\" height=\"427\" src=\"https:\/\/www.animaleden.de\/wp-content\/uploads\/2021\/07\/DSC_1254-1.jpg\" class=\"attachment-medium_large size-medium_large wp-image-6326\" alt=\"Arztpraxis Eingangsbereich, Hund auf Arm\" srcset=\"https:\/\/www.animaleden.de\/wp-content\/uploads\/2021\/07\/DSC_1254-1.jpg 640w, https:\/\/www.animaleden.de\/wp-content\/uploads\/2021\/07\/DSC_1254-1-300x200.jpg 300w\" sizes=\"(max-width: 640px) 100vw, 640px\" \/>\t\t\t\t\t\t\t\t\t\t\t\t\t<\/div>\n\t\t\t\t<\/div>\n\t\t\t\t<div class=\"elementor-element elementor-element-88eaaec elementor-widget elementor-widget-image\" data-id=\"88eaaec\" data-element_type=\"widget\" data-widget_type=\"image.default\">\n\t\t\t\t<div class=\"elementor-widget-container\">\n\t\t\t\t\t\t\t\t\t\t\t\t\t<img loading=\"lazy\" decoding=\"async\" width=\"640\" height=\"427\" src=\"https:\/\/www.animaleden.de\/wp-content\/uploads\/2021\/07\/DSC_1368-1.jpg\" class=\"attachment-medium_large size-medium_large wp-image-6328\" alt=\"Ultraschall vor Kastration H\u00fcndin\" srcset=\"https:\/\/www.animaleden.de\/wp-content\/uploads\/2021\/07\/DSC_1368-1.jpg 640w, https:\/\/www.animaleden.de\/wp-content\/uploads\/2021\/07\/DSC_1368-1-300x200.jpg 300w\" sizes=\"(max-width: 640px) 100vw, 640px\" \/>\t\t\t\t\t\t\t\t\t\t\t\t\t<\/div>\n\t\t\t\t<\/div>\n\t\t\t\t<div class=\"elementor-element elementor-element-de26ab9 elementor-widget elementor-widget-image\" data-id=\"de26ab9\" data-element_type=\"widget\" data-widget_type=\"image.default\">\n\t\t\t\t<div class=\"elementor-widget-container\">\n\t\t\t\t\t\t\t\t\t\t\t\t\t<img loading=\"lazy\" decoding=\"async\" width=\"768\" height=\"512\" src=\"https:\/\/www.animaleden.de\/wp-content\/uploads\/2021\/07\/DSC_1261-G2Baraniak-1-768x512.jpg\" class=\"attachment-medium_large size-medium_large wp-image-6327\" alt=\"zwei H\u00fcndinnen vor der Kastration\" srcset=\"https:\/\/www.animaleden.de\/wp-content\/uploads\/2021\/07\/DSC_1261-G2Baraniak-1-768x512.jpg 768w, https:\/\/www.animaleden.de\/wp-content\/uploads\/2021\/07\/DSC_1261-G2Baraniak-1-300x200.jpg 300w, https:\/\/www.animaleden.de\/wp-content\/uploads\/2021\/07\/DSC_1261-G2Baraniak-1-1024x683.jpg 1024w, https:\/\/www.animaleden.de\/wp-content\/uploads\/2021\/07\/DSC_1261-G2Baraniak-1.jpg 1250w\" sizes=\"(max-width: 768px) 100vw, 768px\" \/>\t\t\t\t\t\t\t\t\t\t\t\t\t<\/div>\n\t\t\t\t<\/div>\n\t\t\t\t<div class=\"elementor-element elementor-element-604dbba elementor-widget elementor-widget-image\" data-id=\"604dbba\" data-element_type=\"widget\" data-widget_type=\"image.default\">\n\t\t\t\t<div class=\"elementor-widget-container\">\n\t\t\t\t\t\t\t\t\t\t\t\t\t<img loading=\"lazy\" decoding=\"async\" width=\"768\" height=\"512\" src=\"https:\/\/www.animaleden.de\/wp-content\/uploads\/2021\/07\/DSC_1872-1-768x512.jpg\" class=\"attachment-medium_large size-medium_large wp-image-6325\" alt=\"\u00dcberwachung Narkose Kastration\" srcset=\"https:\/\/www.animaleden.de\/wp-content\/uploads\/2021\/07\/DSC_1872-1-768x512.jpg 768w, https:\/\/www.animaleden.de\/wp-content\/uploads\/2021\/07\/DSC_1872-1-300x200.jpg 300w, https:\/\/www.animaleden.de\/wp-content\/uploads\/2021\/07\/DSC_1872-1-1024x683.jpg 1024w, https:\/\/www.animaleden.de\/wp-content\/uploads\/2021\/07\/DSC_1872-1.jpg 1250w\" sizes=\"(max-width: 768px) 100vw, 768px\" \/>\t\t\t\t\t\t\t\t\t\t\t\t\t<\/div>\n\t\t\t\t<\/div>\n\t\t\t\t<div class=\"elementor-element elementor-element-8e734f4 elementor-widget elementor-widget-image\" data-id=\"8e734f4\" data-element_type=\"widget\" data-widget_type=\"image.default\">\n\t\t\t\t<div class=\"elementor-widget-container\">\n\t\t\t\t\t\t\t\t\t\t\t\t\t<img loading=\"lazy\" decoding=\"async\" width=\"640\" height=\"480\" src=\"https:\/\/www.animaleden.de\/wp-content\/uploads\/2021\/07\/IMG_20190919_092409-1.jpg\" class=\"attachment-medium_large size-medium_large wp-image-6313\" alt=\"Kastrationsteam beim Arbeiten\" srcset=\"https:\/\/www.animaleden.de\/wp-content\/uploads\/2021\/07\/IMG_20190919_092409-1.jpg 640w, https:\/\/www.animaleden.de\/wp-content\/uploads\/2021\/07\/IMG_20190919_092409-1-300x225.jpg 300w\" sizes=\"(max-width: 640px) 100vw, 640px\" \/>\t\t\t\t\t\t\t\t\t\t\t\t\t<\/div>\n\t\t\t\t<\/div>\n\t\t\t\t<div class=\"elementor-element elementor-element-221acf8 elementor-widget elementor-widget-image\" data-id=\"221acf8\" data-element_type=\"widget\" data-widget_type=\"image.default\">\n\t\t\t\t<div class=\"elementor-widget-container\">\n\t\t\t\t\t\t\t\t\t\t\t\t\t<img loading=\"lazy\" decoding=\"async\" width=\"640\" height=\"427\" src=\"https:\/\/www.animaleden.de\/wp-content\/uploads\/2021\/07\/DSC_2986-1.jpg\" class=\"attachment-medium_large size-medium_large wp-image-6322\" alt=\"Operation-Narkose bei einer Katze\" srcset=\"https:\/\/www.animaleden.de\/wp-content\/uploads\/2021\/07\/DSC_2986-1.jpg 640w, https:\/\/www.animaleden.de\/wp-content\/uploads\/2021\/07\/DSC_2986-1-300x200.jpg 300w\" sizes=\"(max-width: 640px) 100vw, 640px\" \/>\t\t\t\t\t\t\t\t\t\t\t\t\t<\/div>\n\t\t\t\t<\/div>\n\t\t\t\t<div class=\"elementor-element elementor-element-0707950 elementor-widget elementor-widget-image\" data-id=\"0707950\" data-element_type=\"widget\" data-widget_type=\"image.default\">\n\t\t\t\t<div class=\"elementor-widget-container\">\n\t\t\t\t\t\t\t\t\t\t\t\t\t<img loading=\"lazy\" decoding=\"async\" width=\"768\" height=\"512\" src=\"https:\/\/www.animaleden.de\/wp-content\/uploads\/2021\/07\/DSC_1995-1-768x512.jpg\" class=\"attachment-medium_large size-medium_large wp-image-6324\" alt=\"Katze mit blauen Augen\" srcset=\"https:\/\/www.animaleden.de\/wp-content\/uploads\/2021\/07\/DSC_1995-1-768x512.jpg 768w, https:\/\/www.animaleden.de\/wp-content\/uploads\/2021\/07\/DSC_1995-1-300x200.jpg 300w, https:\/\/www.animaleden.de\/wp-content\/uploads\/2021\/07\/DSC_1995-1-1024x683.jpg 1024w, https:\/\/www.animaleden.de\/wp-content\/uploads\/2021\/07\/DSC_1995-1.jpg 1250w\" sizes=\"(max-width: 768px) 100vw, 768px\" \/>\t\t\t\t\t\t\t\t\t\t\t\t\t<\/div>\n\t\t\t\t<\/div>\n\t\t\t\t<div class=\"elementor-element elementor-element-45dea1d elementor-widget elementor-widget-image\" data-id=\"45dea1d\" data-element_type=\"widget\" data-widget_type=\"image.default\">\n\t\t\t\t<div class=\"elementor-widget-container\">\n\t\t\t\t\t\t\t\t\t\t\t\t\t<img loading=\"lazy\" decoding=\"async\" width=\"360\" height=\"480\" src=\"https:\/\/www.animaleden.de\/wp-content\/uploads\/2021\/07\/IMG_20190918_210130-2-1.jpg\" class=\"attachment-full size-full wp-image-6316\" alt=\"Aufwachen nach der Narkose, Kastration Katzen\" srcset=\"https:\/\/www.animaleden.de\/wp-content\/uploads\/2021\/07\/IMG_20190918_210130-2-1.jpg 360w, https:\/\/www.animaleden.de\/wp-content\/uploads\/2021\/07\/IMG_20190918_210130-2-1-225x300.jpg 225w\" sizes=\"(max-width: 360px) 100vw, 360px\" \/>\t\t\t\t\t\t\t\t\t\t\t\t\t<\/div>\n\t\t\t\t<\/div>\n\t\t\t\t<div class=\"elementor-element elementor-element-c2394b7 elementor-widget elementor-widget-image\" data-id=\"c2394b7\" data-element_type=\"widget\" data-widget_type=\"image.default\">\n\t\t\t\t<div class=\"elementor-widget-container\">\n\t\t\t\t\t\t\t\t\t\t\t\t\t<img loading=\"lazy\" decoding=\"async\" width=\"640\" height=\"480\" src=\"https:\/\/www.animaleden.de\/wp-content\/uploads\/2021\/07\/IMG_20190918_091347_BURST002-1.jpg\" class=\"attachment-medium_large size-medium_large wp-image-6317\" alt=\"Improvisierte Katzentransport-Kisten Rum\u00e4nien\" srcset=\"https:\/\/www.animaleden.de\/wp-content\/uploads\/2021\/07\/IMG_20190918_091347_BURST002-1.jpg 640w, https:\/\/www.animaleden.de\/wp-content\/uploads\/2021\/07\/IMG_20190918_091347_BURST002-1-300x225.jpg 300w\" sizes=\"(max-width: 640px) 100vw, 640px\" \/>\t\t\t\t\t\t\t\t\t\t\t\t\t<\/div>\n\t\t\t\t<\/div>\n\t\t\t\t<div class=\"elementor-element elementor-element-77ab5ee elementor-widget elementor-widget-image\" data-id=\"77ab5ee\" data-element_type=\"widget\" data-widget_type=\"image.default\">\n\t\t\t\t<div class=\"elementor-widget-container\">\n\t\t\t\t\t\t\t\t\t\t\t\t\t<img loading=\"lazy\" decoding=\"async\" width=\"768\" height=\"576\" src=\"https:\/\/www.animaleden.de\/wp-content\/uploads\/2021\/07\/Es-riecht-so-gut-1-768x576.jpg\" class=\"attachment-medium_large size-medium_large wp-image-6321\" alt=\"Hunde bekommen Essen\" srcset=\"https:\/\/www.animaleden.de\/wp-content\/uploads\/2021\/07\/Es-riecht-so-gut-1-768x576.jpg 768w, https:\/\/www.animaleden.de\/wp-content\/uploads\/2021\/07\/Es-riecht-so-gut-1-300x225.jpg 300w, https:\/\/www.animaleden.de\/wp-content\/uploads\/2021\/07\/Es-riecht-so-gut-1-1024x768.jpg 1024w, https:\/\/www.animaleden.de\/wp-content\/uploads\/2021\/07\/Es-riecht-so-gut-1-1536x1152.jpg 1536w, https:\/\/www.animaleden.de\/wp-content\/uploads\/2021\/07\/Es-riecht-so-gut-1.jpg 1984w\" sizes=\"(max-width: 768px) 100vw, 768px\" \/>\t\t\t\t\t\t\t\t\t\t\t\t\t<\/div>\n\t\t\t\t<\/div>\n\t\t\t\t<div class=\"elementor-element elementor-element-843feab elementor-widget elementor-widget-image\" data-id=\"843feab\" data-element_type=\"widget\" data-widget_type=\"image.default\">\n\t\t\t\t<div class=\"elementor-widget-container\">\n\t\t\t\t\t\t\t\t\t\t\t\t\t<img loading=\"lazy\" decoding=\"async\" width=\"768\" height=\"644\" src=\"https:\/\/www.animaleden.de\/wp-content\/uploads\/2021\/07\/grosse-Vorfreude-1-768x644.png\" class=\"attachment-medium_large size-medium_large wp-image-6318\" alt=\"Hund wartet auf Holzh\u00e4uschen auf sein Essen\" srcset=\"https:\/\/www.animaleden.de\/wp-content\/uploads\/2021\/07\/grosse-Vorfreude-1-768x644.png 768w, https:\/\/www.animaleden.de\/wp-content\/uploads\/2021\/07\/grosse-Vorfreude-1-300x251.png 300w, https:\/\/www.animaleden.de\/wp-content\/uploads\/2021\/07\/grosse-Vorfreude-1.png 940w\" sizes=\"(max-width: 768px) 100vw, 768px\" \/>\t\t\t\t\t\t\t\t\t\t\t\t\t<\/div>\n\t\t\t\t<\/div>\n\t\t\t\t<div class=\"elementor-element elementor-element-2cc11d6 elementor-widget elementor-widget-image\" data-id=\"2cc11d6\" data-element_type=\"widget\" data-widget_type=\"image.default\">\n\t\t\t\t<div class=\"elementor-widget-container\">\n\t\t\t\t\t\t\t\t\t\t\t\t\t<img loading=\"lazy\" decoding=\"async\" width=\"768\" height=\"501\" src=\"https:\/\/www.animaleden.de\/wp-content\/uploads\/2021\/07\/Essen-fur-die-Kleinen-unter-Bewachung-von-Mama-1-768x501.jpg\" class=\"attachment-medium_large size-medium_large wp-image-6319\" alt=\"Welpen bekommen Frischfleisch zu essen\" srcset=\"https:\/\/www.animaleden.de\/wp-content\/uploads\/2021\/07\/Essen-fur-die-Kleinen-unter-Bewachung-von-Mama-1-768x501.jpg 768w, https:\/\/www.animaleden.de\/wp-content\/uploads\/2021\/07\/Essen-fur-die-Kleinen-unter-Bewachung-von-Mama-1-300x196.jpg 300w, https:\/\/www.animaleden.de\/wp-content\/uploads\/2021\/07\/Essen-fur-die-Kleinen-unter-Bewachung-von-Mama-1-1024x668.jpg 1024w, https:\/\/www.animaleden.de\/wp-content\/uploads\/2021\/07\/Essen-fur-die-Kleinen-unter-Bewachung-von-Mama-1.jpg 1055w\" sizes=\"(max-width: 768px) 100vw, 768px\" \/>\t\t\t\t\t\t\t\t\t\t\t\t\t<\/div>\n\t\t\t\t<\/div>\n\t\t\t\t<div class=\"elementor-element elementor-element-d7b4e11 elementor-widget elementor-widget-image\" data-id=\"d7b4e11\" data-element_type=\"widget\" data-widget_type=\"image.default\">\n\t\t\t\t<div class=\"elementor-widget-container\">\n\t\t\t\t\t\t\t\t\t\t\t\t\t<img loading=\"lazy\" decoding=\"async\" width=\"768\" height=\"571\" src=\"https:\/\/www.animaleden.de\/wp-content\/uploads\/2021\/07\/Mama-hilft-doch-noch-mit-1-768x571.jpg\" class=\"attachment-medium_large size-medium_large wp-image-6312\" alt=\"Hundemama und Welpe essen\" srcset=\"https:\/\/www.animaleden.de\/wp-content\/uploads\/2021\/07\/Mama-hilft-doch-noch-mit-1-768x571.jpg 768w, https:\/\/www.animaleden.de\/wp-content\/uploads\/2021\/07\/Mama-hilft-doch-noch-mit-1-300x223.jpg 300w, https:\/\/www.animaleden.de\/wp-content\/uploads\/2021\/07\/Mama-hilft-doch-noch-mit-1.jpg 890w\" sizes=\"(max-width: 768px) 100vw, 768px\" \/>\t\t\t\t\t\t\t\t\t\t\t\t\t<\/div>\n\t\t\t\t<\/div>\n\t\t\t\t\t<\/div>\n\t\t<\/div>\n\t\t\t\t<div class=\"elementor-column elementor-col-33 elementor-top-column elementor-element elementor-element-8aeb4ac\" data-id=\"8aeb4ac\" data-element_type=\"column\">\n\t\t\t<div class=\"elementor-widget-wrap elementor-element-populated\">\n\t\t\t\t\t\t<div class=\"elementor-element elementor-element-1b84fc9e elementor-widget elementor-widget-heading\" data-id=\"1b84fc9e\" data-element_type=\"widget\" data-widget_type=\"heading.default\">\n\t\t\t\t<div class=\"elementor-widget-container\">\n\t\t\t<h3 class=\"elementor-heading-title elementor-size-default\">Helft Uns Die Geplante T\u00f6tung Der Tiere Zu Verhindern<\/h3>\t\t<\/div>\n\t\t\t\t<\/div>\n\t\t\t\t<div class=\"elementor-element elementor-element-7f4b3e10 elementor-widget elementor-widget-text-editor\" data-id=\"7f4b3e10\" data-element_type=\"widget\" data-widget_type=\"text-editor.default\">\n\t\t\t\t<div class=\"elementor-widget-container\">\n\t\t\t\t\t\t\t<p>Wir haben seit 2018 die Gelegenheit, eine geplante T\u00f6tungsaktion von Stra\u00dfenhunden und Katzen in Rum\u00e4nien zu verhindern, in dem wir ein Kastrationsprogramm durchf\u00fchren.<\/p><p>Die dortigen Beh\u00f6rden haben zugestimmt, im Falle einer Durchf\u00fchrung von einer &#8220;S\u00e4uberungsaktion&#8221; abzusehen. Wir planen, mit einem \u00c4rzteteam zwischen 50 und 80 Tiere zu kastrieren.<\/p><p>Weiterhin gibt es viele Tiere, die an Tumoren leiden und weitere lebensrettende Operationen, die von der Bev\u00f6lkerung f\u00fcr ihre Hunde und Katzen angefragt wurden.<br \/>Rum\u00e4nien ist eines der \u00e4rmsten L\u00e4nder in der EU und die Menschen haben einfach kein Geld f\u00fcr die n\u00f6tigsten Eingriffe, sind aber bereit, ihre Tiere zum Arzt zu bringen und mit uns zusammenzuarbeiten.<\/p><p>Helft uns bitte Leben zu retten, wir freuen und \u00fcber jeden Euro!<\/p>\t\t\t\t\t\t<\/div>\n\t\t\t\t<\/div>\n\t\t\t\t\t<\/div>\n\t\t<\/div>\n\t\t\t\t\t<\/div>\n\t\t<\/section>\n\t\t\t\t<section class=\"elementor-section elementor-top-section elementor-element elementor-element-cec7435 elementor-section-boxed elementor-section-height-default elementor-section-height-default qodef-elementor-content-no qodef-content-alignment-no\" data-id=\"cec7435\" data-element_type=\"section\" data-settings=\"{&quot;jet_parallax_layout_list&quot;:[{&quot;jet_parallax_layout_image&quot;:{&quot;url&quot;:&quot;&quot;,&quot;id&quot;:&quot;&quot;,&quot;size&quot;:&quot;&quot;},&quot;_id&quot;:&quot;65e7d8b&quot;,&quot;jet_parallax_layout_image_tablet&quot;:{&quot;url&quot;:&quot;&quot;,&quot;id&quot;:&quot;&quot;,&quot;size&quot;:&quot;&quot;},&quot;jet_parallax_layout_image_mobile&quot;:{&quot;url&quot;:&quot;&quot;,&quot;id&quot;:&quot;&quot;,&quot;size&quot;:&quot;&quot;},&quot;jet_parallax_layout_speed&quot;:{&quot;unit&quot;:&quot;%&quot;,&quot;size&quot;:50,&quot;sizes&quot;:[]},&quot;jet_parallax_layout_type&quot;:&quot;scroll&quot;,&quot;jet_parallax_layout_direction&quot;:null,&quot;jet_parallax_layout_fx_direction&quot;:null,&quot;jet_parallax_layout_z_index&quot;:&quot;&quot;,&quot;jet_parallax_layout_bg_x&quot;:50,&quot;jet_parallax_layout_bg_x_tablet&quot;:&quot;&quot;,&quot;jet_parallax_layout_bg_x_mobile&quot;:&quot;&quot;,&quot;jet_parallax_layout_bg_y&quot;:50,&quot;jet_parallax_layout_bg_y_tablet&quot;:&quot;&quot;,&quot;jet_parallax_layout_bg_y_mobile&quot;:&quot;&quot;,&quot;jet_parallax_layout_bg_size&quot;:&quot;auto&quot;,&quot;jet_parallax_layout_bg_size_tablet&quot;:&quot;&quot;,&quot;jet_parallax_layout_bg_size_mobile&quot;:&quot;&quot;,&quot;jet_parallax_layout_animation_prop&quot;:&quot;transform&quot;,&quot;jet_parallax_layout_on&quot;:[&quot;desktop&quot;,&quot;tablet&quot;]}]}\">\n\t\t\t\t\t\t<div class=\"elementor-container elementor-column-gap-default\">\n\t\t\t\t\t<div class=\"elementor-column elementor-col-50 elementor-top-column elementor-element elementor-element-ff163bd\" data-id=\"ff163bd\" data-element_type=\"column\">\n\t\t\t<div class=\"elementor-widget-wrap\">\n\t\t\t\t\t\t\t<\/div>\n\t\t<\/div>\n\t\t\t\t<div class=\"elementor-column elementor-col-50 elementor-top-column elementor-element elementor-element-3e501a7\" data-id=\"3e501a7\" data-element_type=\"column\">\n\t\t\t<div class=\"elementor-widget-wrap\">\n\t\t\t\t\t\t\t<\/div>\n\t\t<\/div>\n\t\t\t\t\t<\/div>\n\t\t<\/section>\n\t\t\t\t<section class=\"elementor-section elementor-top-section elementor-element elementor-element-690a44a9 elementor-section-boxed elementor-section-height-default elementor-section-height-default qodef-elementor-content-no qodef-content-alignment-no\" data-id=\"690a44a9\" data-element_type=\"section\" data-settings=\"{&quot;jet_parallax_layout_list&quot;:[{&quot;jet_parallax_layout_image&quot;:{&quot;url&quot;:&quot;&quot;,&quot;id&quot;:&quot;&quot;,&quot;size&quot;:&quot;&quot;},&quot;_id&quot;:&quot;f2362c4&quot;,&quot;jet_parallax_layout_image_tablet&quot;:{&quot;url&quot;:&quot;&quot;,&quot;id&quot;:&quot;&quot;,&quot;size&quot;:&quot;&quot;},&quot;jet_parallax_layout_image_mobile&quot;:{&quot;url&quot;:&quot;&quot;,&quot;id&quot;:&quot;&quot;,&quot;size&quot;:&quot;&quot;},&quot;jet_parallax_layout_speed&quot;:{&quot;unit&quot;:&quot;%&quot;,&quot;size&quot;:50,&quot;sizes&quot;:[]},&quot;jet_parallax_layout_type&quot;:&quot;scroll&quot;,&quot;jet_parallax_layout_direction&quot;:null,&quot;jet_parallax_layout_fx_direction&quot;:null,&quot;jet_parallax_layout_z_index&quot;:&quot;&quot;,&quot;jet_parallax_layout_bg_x&quot;:50,&quot;jet_parallax_layout_bg_x_tablet&quot;:&quot;&quot;,&quot;jet_parallax_layout_bg_x_mobile&quot;:&quot;&quot;,&quot;jet_parallax_layout_bg_y&quot;:50,&quot;jet_parallax_layout_bg_y_tablet&quot;:&quot;&quot;,&quot;jet_parallax_layout_bg_y_mobile&quot;:&quot;&quot;,&quot;jet_parallax_layout_bg_size&quot;:&quot;auto&quot;,&quot;jet_parallax_layout_bg_size_tablet&quot;:&quot;&quot;,&quot;jet_parallax_layout_bg_size_mobile&quot;:&quot;&quot;,&quot;jet_parallax_layout_animation_prop&quot;:&quot;transform&quot;,&quot;jet_parallax_layout_on&quot;:[&quot;desktop&quot;,&quot;tablet&quot;]}]}\">\n\t\t\t\t\t\t<div class=\"elementor-container elementor-column-gap-default\">\n\t\t\t\t\t<div class=\"elementor-column elementor-col-100 elementor-top-column elementor-element elementor-element-7e1db469\" data-id=\"7e1db469\" data-element_type=\"column\">\n\t\t\t<div class=\"elementor-widget-wrap elementor-element-populated\">\n\t\t\t\t\t\t<div class=\"elementor-element elementor-element-973426e elementor-widget elementor-widget-spacer\" data-id=\"973426e\" data-element_type=\"widget\" data-widget_type=\"spacer.default\">\n\t\t\t\t<div class=\"elementor-widget-container\">\n\t\t\t\t\t<div class=\"elementor-spacer\">\n\t\t\t<div class=\"elementor-spacer-inner\"><\/div>\n\t\t<\/div>\n\t\t\t\t<\/div>\n\t\t\t\t<\/div>\n\t\t\t\t\t<\/div>\n\t\t<\/div>\n\t\t\t\t\t<\/div>\n\t\t<\/section>\n\t\t\t\t<\/div>\n\t\t","protected":false},"excerpt":{"rendered":"<p>Helft Uns Die Geplante T\u00f6tung Der Tiere Zu Verhindern Wir haben seit 2018 die Gelegenheit, eine geplante T\u00f6tungsaktion von Stra\u00dfenhunden und Katzen in Rum\u00e4nien zu verhindern, in dem wir ein Kastrationsprogramm durchf\u00fchren. Die dortigen Beh\u00f6rden haben zugestimmt, im Falle einer Durchf\u00fchrung von einer &#8220;S\u00e4uberungsaktion&#8221; abzusehen. Wir planen, mit einem \u00c4rzteteam zwischen 50 und 80 Tiere [&hellip;]<\/p>\n","protected":false},"author":1,"featured_media":5610,"parent":0,"menu_order":0,"comment_status":"closed","ping_status":"closed","template":"","meta":{"give_campaign_id":0,"footnotes":""},"class_list":["post-4990","page","type-page","status-publish","has-post-thumbnail","hentry"],"campaignId":"","_links":{"self":[{"href":"https:\/\/www.animaleden.de\/index.php?rest_route=\/wp\/v2\/pages\/4990"}],"collection":[{"href":"https:\/\/www.animaleden.de\/index.php?rest_route=\/wp\/v2\/pages"}],"about":[{"href":"https:\/\/www.animaleden.de\/index.php?rest_route=\/wp\/v2\/types\/page"}],"author":[{"embeddable":true,"href":"https:\/\/www.animaleden.de\/index.php?rest_route=\/wp\/v2\/users\/1"}],"replies":[{"embeddable":true,"href":"https:\/\/www.animaleden.de\/index.php?rest_route=%2Fwp%2Fv2%2Fcomments&post=4990"}],"version-history":[{"count":35,"href":"https:\/\/www.animaleden.de\/index.php?rest_route=\/wp\/v2\/pages\/4990\/revisions"}],"predecessor-version":[{"id":9074,"href":"https:\/\/www.animaleden.de\/index.php?rest_route=\/wp\/v2\/pages\/4990\/revisions\/9074"}],"wp:featuredmedia":[{"embeddable":true,"href":"https:\/\/www.animaleden.de\/index.php?rest_route=\/wp\/v2\/media\/5610"}],"wp:attachment":[{"href":"https:\/\/www.animaleden.de\/index.php?rest_route=%2Fwp%2Fv2%2Fmedia&parent=4990"}],"curies":[{"name":"wp","href":"https:\/\/api.w.org\/{rel}","templated":true}]}}